 (-42 - -77 - 37) + 145?
136
(0 - -9) + (228 + -200 - (-44 - 2))
83
Evaluate 26 + (-54 - (-43 + 17)) - (20 - -1).
-23
Evaluate (111 + -30 - (-5 - -45)) + 1.
42
Evaluate (2 - 52) + 298 + -231.
17
What is the value of -92 + 33 + -38 + (4 - 1) + 15?
-79
Calculate (-698 - -731) + (2 + -1 - 42) + (-29 - -1).
-36
Calculate (3 - (-2 + -12)) + (337 - 338) - (-29 + 17).
28
Evaluate (145 + 50 - 99) + (2 - 26).
72
What is the value of -1 + (-15 - -26) + -9 - 15 - 62?
-76
Evaluate -2 - (56 + -112 + 43).
11
What is (2 - (-2 + 1)) + -712 + 697 + 13 - -6?
7
What is 6 + (-8 + 9 - -2) + (21 - (104 - 7))?
-67
What is 9 + (9 - 6) + 3 + -6 - -9 - 13?
5
What is the value of (253 + 209 - 407) + (-21 - -1)?
35
What is -92 + -1 + 3 - (-17 - (-3 - -4))?
-72
What is the value of -6 - (-24 + (-14 - -23) + 39)?
-30
Evaluate -62 + -1 - ((-13 - (-61 - (0 - 25))) + -14).
-72
What is the value of (-62 - -19) + 34 + -38?
-47
Calculate (-43 - (-127 + 76)) + (-4 - 86).
-82
3060 + -3128 + (2 + (7 - -2) - -1)
-56
Calculate (-8 - 16) + 4 + -9 + 12.
-17
What is the value of -31 - (-25 - -27) - (-11 + 16)?
-38
Calculate -25 - ((-11 + 23 + -40 - -13) + 25).
-35
What is the value of 0 + 38 - ((5 - 5) + -1) - (32 + -34)?
41
What is the value of -2 + 32 - 1 - (-22 + 8 + -13 - -21)?
35
Evaluate (2 - -1) + -65 + (-1 - -47).
-16
What is the value of -32 + (-45 - -29) + 39 + 76?
67
What is 32 + -3 - (37 - (49 + -22))?
19
Evaluate 1 + (1 - -11) - ((-127 - (-4 - 2)) + 7).
127
Calculate (-3 - -3) + 9 + -97 + 16 + -1 + 2.
-71
(-1 - 9 - (-46 + 28)) + -14 - (35 - -4)
-45
Evaluate (61 - 16) + -8 + -13 + 22.
46
What is (-1982 - -1961) + (2 - 30 - -4)?
-45
What is (-77 - (-84 + 14)) + 0 + -83 + -7?
-97
What is the value of 1 + -38 - (-1920 + 1863)?
20
What is (515 + -195 - 231) + (-27 - 0)?
62
What is the value of -24 + -1 + -127 + 29 + 74?
-49
Calculate 0 - (27 - (103 + -36)).
40
What is (-138 - -188) + -44 + -156?
-150
What is -56 - ((22 - 27) + (20 - 12) - (6 - 0))?
-53
Calculate (-85 - -94) + -81 + 94.
22
What is -11 + (40 - -27) + -5 + -4 + 1 + 3?
51
What is -6 + (37 - 53) + -3?
-25
Evaluate -1624 + 1565 - (-4 + -61).
6
What is the value of (28 - ((34 + -6 - 6) + -7)) + -4 + -69?
-60
What is -3 + -2 - 0 - ((35 - 23) + 7)?
-24
What is the value of (31 - 65) + -35 + 54?
-15
What is 40 + (-43 - 14) + -5 + 4?
-18
(-187 + 173 - (0 + 7)) + 25
4
What is 9 + -31 + 20 + 4 - (3 + 20)?
-21
62 + -46 - (-19 + 77)
-42
Calculate (7 - 1) + 129 + -127 + 0 + 2 + -79.
-69
What is 0 + -60 - (23 + -45) - -100?
62
10 + -11 + 9 + (2 - (-8 - -7 - -2))
9
Evaluate -315 + 256 + (-1 - -1) + -1.
-60
Evaluate 7 + 38 - (4 + -21 + 7 - (18 + -16)).
57
Calculate -69 + (10 - (6 + 14) - 2 - -20).
-61
What is (41 + -18 - 36) + (1 - -28) - (9 + 3)?
4
Evaluate -4 - (10 - -1 - (3 + 21)) - 15.
-6
What is -43 + (-67 - -94) + -89?
-105
What is the value of 2 + -3 + (-2 + (-11 - 7) + 10 - -16)?
5
Evaluate 45 - (-2 + 7 - (23 - (-7 - (6 + -34)))).
42
What is 42 - ((-54 - -79) + 11)?
6
Evaluate -34 + 82 + -6 + 30.
72
-13 + -22 + (0 - -4) + -64
-95
Calculate -100 + 41 + 23 + 10.
-26
Calculate (12 - 4) + -19 - -5 - 9.
-15
Evaluate (-6 - -1 - 4) + -157 + 159 + -10.
-17
What is the value of 54 - ((-14 - -30) + -42 - -8)?
72
What is the value of 19 + -78 + (20 - -8)?
-31
What is 58 - (37 - (3 - (35 + -71)))?
60
-4 - 14 - (130 - 83)
-65
What is the value of -2 + -8 - (-23 + -13 - -25) - 43?
-42
What is the value of -100 - (-1 + -74) - -68?
43
Evaluate 89 + -1 - (-181 + 103 + 104).
62
64 - ((-3 - -71) + 48)
-52
What is -109 + 103 + (-1 - 2 - -2 - 0)?
-7
Calculate (5 + (8 - 9) + -2 - 13) + 80 + -2.
67
What is 20 - (-30 - -85 - 9)?
-26
What is the value of 20 - -17 - -31 - -18 - (-4 - 1)?
91
What is -27 + (-12 - -12) + (23 - -36)?
32
5 - (24 - 7 - -9 - (13 - 3) - -13)
-24
What is (5 - -34) + (-49 - (-25 - -18) - -24)?
21
119 + (10 - (6 - (-3 + 12) - -26))
106
What is the value of 1 - (-3 + -3) - (-412 + 443)?
-24
Evaluate 159 + 56 + (-108 - 12).
95
What is the value of -19 + -2 - (556 + -581)?
4
Calculate 15 - (21 + (19 - 13)) - (-133 - (-4 + 3)).
120
Evaluate 86 + -2 + -2 + -49 + 48 + 12 - 14.
79
Evaluate 4 + -2 + -12 - ((-11 - (-57 + 4)) + 12).
-64
34 + 22 + -19 - (0 + -7 + 4 - -8)
32
What is -6 + 25 - (-7 + (-36 + 26 - -7))?
29
What is (-9 - 3) + 1 - (585 - 562)?
-34
8 - (15 - 8) - (18 - 78) - (-2 + 3)
60
(3 - (-2 + -3 + 8) - (5 - 6)) + -18
-17
-57 + -110 + 205 + -55
-17
What is 23 + 3 - (-4 - (10 - 14) - 6)?
32
What is 4 + 3 + -19 - -7 - (33 - (-29 - -52))?
-15
(-25 + -15 - 1) + (15 - 4) + -10
-40
Calculate -81 + 78 + -1 + 5 - (-12 + 47).
-34
What is the value of (-4 - -1 - -11) + 4 + (1 - 61)?
-48
What is the value of 76 - -5 - 5 - 12 - 11 - (3 - -2)?
48
0 + -1 + 9 + -3 + -15 - (-36 - -7)
19
Evaluate (-44 - -115) + -51 + -9.
11
Evaluate 159 - -9 - 45 - 57.
66
What is -1 + 1 - ((-266 - -273) + (3 - (83 - 2)))?
71
Evaluate -1 + -40 + (-200 + 217 - (9 + 2)).
-35
-38 + 32 + (10 - 9) + 1
-4
Evaluate (-4 - (6 + -4)) + -22 + (-4 - -90) + -5.
53
-84 - (-105 - -92) - (14 - (6 + 2 + -3))
-80
Calculate -1 + -1 + 4 - (38 + (31 - 9) - 11).
-47
Evaluate (123 + -291 - -98) + (-6 - (2 - 3)).
-75
What is 6 - (-1 + 7 + -2) - (-86 - (-68 - 6))?
14
What is the value of 36 + (39 + -93 - -14)?
-4
Evaluate 88 - 8 - (639 - 622 - (5 + 0 + -1)).
67
Calculate (1 - 63) + -1 + (-518 - -510 - (-13 - -1)).
-59
-19 + 0 + -2 + 47 + 16 + -49
-7
Evaluate -4507 - -4371 - (-71 - 1).
-64
Evaluate -95 + (18 - -47) + -14.
-44
What is (2 - (9 - (1 + 7 + -2 + -3))) + 24?
20
Calculate 15 - (33 - (-40 + 3)).
-55
13 + (-26 - -27 - (0 - 4)) + 24 + 3
45
What is the value of -23 - (-11 + (5 - -30) - 40)?
-7
What is the value of -30 + -1 + ((0 - 4) + 13 - (164 - 162))?
-24
What is -8 + -2 - (25 - -24 - 11)?
-48
What is the value of -23 + -70 + 48 - -15?
-30
What is (4 + 6 + -3 - 1) + (5 - 5 - -30)?
36
What is the value of (14 - ((21 - 14) + 2 + 2 + -1)) + -25?
-21
Calculate -6 + 6 + -15 + 9 + (4 - (-3 - -13)).
-12
What is -19 + (-1618 - -1700 - (-16 + -1))?
80
What is 657 - 707 - (-10 - -2)?
-42
-2 + (-23 - -21) + (-4 - 50)
-58
0 + -10 - (6 + -12 + 21 - (9 - 3))
-19
28 + -24 - ((47 - 61) + -1 + 2 + 4)
13
What is -8 + (0 + -28 - (-917 - -946))?
-65
Calculate -3 + ((-19 - -17) + -21 - -65).
39
-7 + 1 + (2 - 27 - (-104 + 117))
-44
Calculate (-4 - (23 + -7 + -2 - -5)) + (1 - 0).
-22
Evaluate 33 + 26 + (-19 - -8) + 9.
57
Evaluate (-30 + 7 - (-107 - -153)) + 23.
-46
What is the value of 2 - (-39 + (-4 - 0) + (-15 - -15))?
45
Evaluate (-31 - (-43 + 16)) + (3 - -8) - 38.
-31
What is the value of -3 - -58 - 3 - (4448 + -4433)?
37
Evaluate -29 + (-25 - -58) - 46.
-42
What is the value of (42 - 23) + (2 - 41) - 40?
-60
Calculate (9 - 20) + 85 - 30.
44
What is the value of -11 - -1 - (-6 - (18 + -18 + 12))?
8
Calculate -60 + 1 + 24 + (21 - (-2 + -1) - 51).
-62
Calculate 22 + 7 - (1831 - 1738).
-64
50 + -3 + (-17 - ((-27 - -17) + -3))
43
What is 8 - (2 + -8 + 12) - (13 - 5)?
-6
1 + (23 - 13 - 13) + 41 + -14
25
13 + (-25 - -66) + 1 - 31
24
What is the value of 33 - 35 - (18 + (-13 - -41))?
-48
What is the value of 66 + 18 + -997 + 924?
11
What is the value of -6 - -2 - (0 + -1 - (101 - 97)) - -1?
2
What is the value of (-15 - -8 - -15 - (-10 + 3 + -3)) + -2?
16
Evaluate -58 + 35 + 2 + 7 + (-13 - -7).
-20
(-3 - (-31 - -6)) + -9
13
What is 18 - ((19 + -24 + 16 - -5) + 20)?
-18
Evaluate -2 + (1 + 26 - 14) - (5 - (29 - 1)).
34
What is 4 + 6 + (95 - (40 - 21))?
86
-4 - ((13 - (28 - (16 + -7))) + 3)
-1
What is -22 + (10 - -1 - -1) + -3 + 26?
13
What is 14 - -2 - (216 - 195) - -9?
4
(4703 - 4757) + 47 + 1
-6
What is 4 + 7 + 8 + -14 + -70 + -12?
-77
4 - (16 - (-2 - -12)) - 17
-19
What is the value of 1 + 84 + (-22 + -10 - -30 - 14)?
69
Evaluate -3 + -32 + (-260 - -293) - (-64 + 1).
61
Calculate -105 + (-54 - -216) - (3 - 40).
94
What is (-27 - (-4 - 21)) + 0 + 102?
100
What is the value of -78 + 117 + 227 + -195?
71
-6 + -1 + (18 - (-4 + (3 - -11)))
1
What is 50 - (-37 - (-11 - 32))?
44
What is the value of 55 + (-162 - (49 + -52))?
-104
What is -8 - (-1 + -5 + 6) - ((-21 - 2) + 3)?
12
Evaluate -40 + -7 - (-146 + 115).
-16
-4762 + 4682 - (-11 - (-3 - -2))
-70
Evaluate 116 + 3 + (-8 - -6 - -5 - 12).
110
2 + (-11 - 1) + 20 - -4 - 52
-38
Evaluate (194 - 102) + (-125 - 36).
-69
Calculate 28 + 101 - 47 - (22 - 0).